e greatest common divisor of 216572 and 138388?
116
What is the greatest common divisor of 288 and 20988270?
18
What is the greatest common factor of 4052 and 74538566?
2026
What is the greatest common factor of 44946 and 683811?
9
What is the highest common factor of 3984 and 3631748?
332
What is the highest common factor of 2826 and 732488838?
942
What is the greatest common divisor of 30 and 76153335?
15
Calculate the highest common divisor of 26502 and 44280.
6
Calculate the greatest common divisor of 916 and 138715834.
458
What is the highest common divisor of 99 and 220614363?
9
What is the greatest common factor of 334 and 70763578?
334
What is the highest common divisor of 5648 and 237710200?
2824
Calculate the highest common factor of 325851727 and 515.
103
What is the highest common divisor of 16424761 and 10199?
1457
Calculate the greatest common factor of 462 and 96562818.
66
Calculate the highest common factor of 4610 and 30046136.
922
What is the greatest common divisor of 192 and 241520016?
48
What is the greatest common factor of 8440363 and 90683?
1711
What is the greatest common factor of 6765 and 10226535?
165
Calculate the highest common factor of 34911 and 264708.
81
Calculate the highest common factor of 3678 and 628228146.
3678
What is the highest common divisor of 266 and 2157184?
38
Calculate the highest common divisor of 3107500 and 361250.
1250
What is the greatest common divisor of 8805793 and 37733?
389
What is the greatest common factor of 600 and 4395036?
12
Calculate the greatest common divisor of 2014 and 10299278.
106
Calculate the greatest common factor of 5906259485 and 35.
35
What is the highest common divisor of 98660 and 830?
10
What is the greatest common divisor of 1733286834 and 36?
18
What is the greatest common factor of 611 and 435206417?
47
Calculate the greatest common factor of 9 and 188538561.
9
What is the highest common factor of 3803976 and 360?
72
Calculate the greatest common divisor of 2596 and 9305244.
236
Calculate the greatest common factor of 16970081 and 10231.
787
Calculate the greatest common divisor of 17572475 and 7409.
239
Calculate the greatest common divisor of 62675 and 5231891.
109
Calculate the greatest common divisor of 9 and 7838703.
9
What is the greatest common factor of 179089392 and 2010?
402
What is the greatest common divisor of 463255 and 1183?
13
What is the greatest common factor of 234 and 1010434932?
234
Calculate the highest common factor of 1988 and 131372862.
142
Calculate the greatest common divisor of 5660447 and 65.
13
What is the highest common factor of 7007 and 520597?
77
Calculate the greatest common divisor of 1323357 and 53.
53
Calculate the highest common factor of 104918 and 2013.
11
What is the greatest common divisor of 13581030 and 30?
30
Calculate the highest common divisor of 573040 and 169795.
145
Calculate the greatest common factor of 8238166 and 68680.
3434
What is the greatest common factor of 29011 and 127735?
433
What is the greatest common factor of 737597124 and 27?
27
Calculate the highest common divisor of 111804 and 6726412.
308
Calculate the greatest common divisor of 26743 and 77174.
47
Calculate the highest common divisor of 158948 and 109099.
79
Calculate the highest common divisor of 90279 and 414036.
63
Calculate the greatest common divisor of 4500 and 5906925.
225
What is the highest common divisor of 45 and 3853161?
9
What is the highest common divisor of 5490 and 1896490?
610
Calculate the highest common factor of 275 and 400885.
5
What is the highest common factor of 55208 and 2196126?
134
What is the greatest common divisor of 18632 and 1337288?
136
Calculate the highest common factor of 94010 and 825076.
1106
Calculate the highest common divisor of 2597259466 and 3578.
3578
Calculate the highest common factor of 7997991 and 7839.
201
What is the greatest common divisor of 19682318 and 23208?
1934
What is the greatest common factor of 6382993 and 1178?
589
What is the greatest common factor of 355818 and 2976?
186
What is the highest common factor of 10812 and 4097714?
34
Calculate the highest common divisor of 440586 and 1423602.
2214
What is the highest common factor of 101695 and 2273711?
473
Calculate the highest common divisor of 237688 and 70744.
296
What is the highest common factor of 93 and 43059?
93
Calculate the greatest common factor of 96 and 6877776.
48
What is the greatest common divisor of 11 and 22361537?
11
Calculate the greatest common factor of 2538 and 419475.
141
Calculate the greatest common factor of 510549852 and 12.
12
Calculate the greatest common factor of 6065884 and 5696.
356
Calculate the greatest common factor of 4528517 and 35945.
553
What is the greatest common factor of 6716 and 74772732?
292
Calculate the greatest common factor of 111041 and 5481.
203
Calculate the highest common factor of 588 and 14308896.
84
Calculate the greatest common divisor of 53137760 and 767.
767
Calculate the highest common factor of 640 and 6361445.
5
Calculate the highest common factor of 220097 and 16742210.
2473
Calculate the greatest common factor of 1317372 and 672.
84
What is the highest common factor of 180 and 24409080?
180
What is the greatest common divisor of 6223 and 1821307?
127
What is the highest common divisor of 187600 and 149772336?
7504
Calculate the highest common factor of 1973304 and 504.
72
What is the highest common factor of 7103072 and 4824?
536
What is the highest common divisor of 4 and 22195980?
4
What is the greatest common factor of 11008902 and 6756?
3378
Calculate the highest common divisor of 4327350 and 2225.
25
What is the highest common divisor of 469728 and 180?
36
Calculate the greatest common divisor of 77 and 1151437.
7
Calculate the highest common factor of 62244498 and 29.
29
What is the greatest common divisor of 14525 and 4492600?
175
What is the greatest common divisor of 995716 and 13612964?
7268
Calculate the greatest common divisor of 847 and 42838477.
121
What is the greatest common factor of 26341046 and 428?
214
Calculate the highest common factor of 660 and 272568780.
660
Calculate the greatest common factor of 496 and 401247384.
248
What is the greatest common divisor of 442113261 and 57?
57
Calculate the highest common factor of 10624 and 141515.
83
Calculate the greatest common factor of 134385 and 385305.
255
What is the greatest common factor of 9136 and 227?
1
What is the greatest common divisor of 2387427 and 4470?
447
What is the greatest common factor of 103473101 and 1649?
1649
Calculate the highest common divisor of 1292 and 4826368.
68
Calculate the highest common factor of 12468 and 849516.
12
Calculate the greatest common divisor of 156705 and 43245.
465
Calculate the greatest common divisor of 103216152 and 1248.
312
What is the greatest common factor of 1339 and 9390407?
1339
Calculate the greatest common divisor of 1877593 and 1264.
79
What is the highest common factor of 465584 and 167888?
112
What is the greatest common divisor of 72427689 and 19323?
1017
What is the greatest common divisor of 368 and 13091056?
16
Calculate the highest common divisor of 1943227 and 4922.
107
Calculate the highest common factor of 4 and 76233648.
4
What is the highest common factor of 20762314 and 1126?
1126
What is the greatest common factor of 832 and 3617744?
208
Calculate the highest common factor of 56342 and 9791210.
286
What is the greatest common divisor of 14753474 and 1010?
202
What is the greatest common divisor of 59760 and 1920?
240
Calculate the highest common divisor of 3587 and 482089213.
3587
What is the greatest common divisor of 1561420 and 821940?
2660
What is the greatest common divisor of 99 and 2037189?
33
What is the greatest common divisor of 291876 and 448656?
156
Calculate the greatest common divisor of 592283 and 515973.
587
What is the highest common divisor of 307 and 28567578?
307
Calculate the highest common factor of 228 and 816392.
76
Calculate the highest common factor of 36062 and 12248378.
146
Calculate the greatest common divisor of 1094 and 478260698.
1094
Calculate the greatest common divisor of 13602195 and 5940.
135
Calculate the greatest common factor of 77934 and 65007.
93
Calculate the greatest common divi